
What is -81 - 0 - (-4287 - -4230)?
-24
(-14 - (-21 + 10)) + 1 + (0 - 17)
-19
What is (-3 - -2) + -12 - (5 + -32 + 10)?
4
Calculate -52 + -33 + (18 - -5).
-62
Evaluate 22 - (-2 - -21) - (-6 - -45).
-36
What is the value of -8 - (-40 + (12 + (3 - 8) - 10))?
35
What is -30 + 0 - 1 - (218 - 225)?
-24
Calculate 44 - 4 - (22 - -39).
-21
(-13 + 9 - (-3 + 4)) + (-111 - -39)
-77
Evaluate (-2 - -3 - 2) + -12 - (1993 - 1988).
-18
126 - ((-1 + 4 + -1 - -10) + -139 + 142)
111
Evaluate 17 + (-8 + -2 - (-18 + -44 + 49)).
20
What is -63 + 90 - (-2 + 14)?
15
4 - 3 - ((10 - -3 - 28) + 8)
8
4 - (-1 - (-5 + (30 - 17)) - -112)
-99
-7 - (10 + -14 + -33)
30
What is the value of -8 - (-3 + -4 - -112 - 32)?
-81
Calculate 79 + (-48 - (-22 - 26)).
79
Evaluate 49 - (-21 - (-17 + 3 - -22)).
78
Evaluate (96 + -174 - -97) + -86 + 2.
-65
What is the value of -61 - (113 - 113 - (11 + -1))?
-51
Evaluate 44 + 74 - 119 - (1 - (-12 - (1 - 0))).
-15
Evaluate (-2 - 6) + 0 - (9 + 23 + (-136 - -68)).
28
-14 + -99 - (-16 + 29 + -12 + 5)
-119
What is the value of (1 + -7 - 48) + -32?
-86
Evaluate 25 + 7 + -56 + 51.
27
Evaluate (-14 + (8 - 8) + 10 - -41) + -2 + -3.
32
What is the value of (-40 - -20) + 11 - (12 - -13)?
-34
What is 70 + (-61 - 74) + -21?
-86
Calculate -3 - (2 - (-33 + 56) - -116).
-98
101 + -57 + (-1 - (8 - 7)) + -14
28
Calculate 9 - (0 + 27) - (-1 - 1).
-16
What is (-4 - 15) + 2 - ((22 - 48) + -28)?
37
Evaluate (15 - (0 - -44)) + 6 - -22.
-1
-44 + 12 + 8 + -14
-38
What is -1 - 52 - (200 - 271)?
18
What is the value of (-10 + -33 + 77 - 38) + 35?
31
What is (50 - 92) + 91 + -116?
-67
What is the value of (1359 + -1356 - (3 - (6 + 1))) + 17?
24
Evaluate -13 + (20 - 15) - (-1 - -1 - 49).
41
37 + ((3 - (14 - 18)) + -7 - 4)
33
Evaluate 40 - (-27 - (-24 + 12 + -9 + 7)).
53
Calculate -49 - (-1 + -62) - 21.
-7
-25 + (-23 - -9) - -10 - -68
39
(-21 - -6) + 11 + (-2 - (-2 - -38))
-42
Calculate -4 + -3 + 52 + 0 + -34.
11
-154 - -130 - (4 + 38)
-66
What is the value of 9 - -12 - (-337 - -359)?
-1
Evaluate 25 + (-4 - (-11 - (3 + (-18 - (4 + -18))))).
31
Calculate (-40 - -194) + -36 - 28 - 1.
89
-331 + 413 + (-1 - (7 + 0))
74
15 - (-5 + 38 + -12 + -18)
12
Evaluate -5 + -29 + (-12 + (12 - 9) - 3).
-46
7 + (7 - (-8 - (2 + -77)) - -6)
-47
What is the value of ((0 - -1) + -23 + (15 - -17) - -82) + 3?
95
47 + -11 + (-3 - -18) + 0
51
Calculate 3 + 24 + (-18 + -32 - 71).
-94
Evaluate 39 - 1 - (-87 - -72).
53
Evaluate -5 + (-1 - -1) + 259 + -99 + -148.
7
What is the value of -13 + -19 + (45 + -22 - -90)?
81
1 + 0 - (-135 + 84 + 93)
-41
Evaluate 107 - (14 + (35 - 28) - 1).
87
Evaluate -1 - 13 - ((17 - 4) + -23 + 12).
-16
What is -35 + (41 - -33 - 18)?
21
-37 + 3 + 11 + -6 + (15 - 9)
-23
-21 + (-24 + (-21 - (-41 + 14)) - -90)
51
What is the value of 4 - ((10 - 1) + -43 + (13 - -20) + -49)?
54
Calculate -13 - (-19 - -24 - (0 + 11 + 0) - 102).
95
-72 + -44 + 48 - -42
-26
Calculate 43 + -82 + 36 + 32.
29
What is 14 - (-11 + (-15 - -19) - 0)?
21
-154 + 75 + -4 - -81
-2
Evaluate 16 + 13 + -25 - 3 - (-34 - 0).
35
2 - (0 + 9 - (-1 - 2) - (1698 + -1647))
41
What is the value of 148 - (92 - -49 - 73)?
80
Calculate (8 - -2 - (-26 - -18)) + -13 + 24.
29
Evaluate (-4 - -17) + -9 + (36 - (42 - 7)).
5
Evaluate 0 + -2 + (-20 - (-6 - (103 + -23))).
64
Calculate -58 + -1 - ((-1 - 8 - 12) + 14).
-52
What is the value of -15 + -1 + -74 + (-44 - -81)?
-53
What is 89 - 106 - (-6 + 0 - (0 + -15))?
-26
What is the value of 22 + -34 + 4 + 54 + -49?
-3
What is the value of -3 - (4 + 0) - ((-1 - 2) + -5 + 10)?
-9
What is the value of -23 - (-2 + (-11 - 15))?
5
Calculate 20 - (-3 - -7 - -15) - (-1 - -90).
-88
Calculate (-35 - 5) + -1472 + 1570.
58
What is -69 - (-188 + 72 + -35)?
82
Evaluate -19 + (7 - (-18 + 24 + -5 + (-6 - -2))).
-9
What is the value of 103 - (-20 + 41 + -37 + 4)?
115
Calculate (-1 - -4) + (76 - 98) + (-19 - -9 - -2).
-27
What is 0 - 91 - 3 - (-14 + 14 - (1 + -17))?
-110
What is (-1 - 5 - (21 + -34)) + 48 + -20 + 67?
102
Evaluate 79 + -3 + 0 + 11 + 203 + -219 - 6.
65
6 - -98 - (-98 - -99) - 26
77
Calculate -86 + -15 + 32 - (3 - 37).
-35
Calculate (-60 + 4 - 1) + (38 - -22) + -44.
-41
(0 - (-4 + 0 + 1 + -11 + 20)) + -10
-16
What is 52 + 0 - (26 - (60 + (3 - 44)))?
45
Evaluate 57 - (-16 + 60 - -13).
0
0 + 2 + 20 + -23 - -7 - (55 + -8)
-41
Calculate (2 - 42) + (-146 - -131 - (-1 + -22)).
-32
What is the value of (-9 - (-13 + 7)) + ((-7 - 4) + 2 - -29)?
17
(187 - 40) + -199 - -156
104
What is the value of (-4 - (-2 + -4 + -7)) + (-288 - -253)?
-26
Evaluate 8 - (13 - 95) - 26.
64
Calculate -11 + (3 + 6 - -10) + -14.
-6
Evaluate (0 - 23) + (21 - (-21 - -43)).
-24
Evaluate -28 - (-41 + 77 + 35).
-99
What is -20 - 43 - 21 - -55?
-29
What is the value of (64 - 25 - 29) + -55?
-45
Evaluate -10 - (7 - -6) - 0 - (39 - 43).
-19
Evaluate -48 - (20 - 48) - -53.
33
Evaluate (2 - (0 + 0) - 6) + -2 + 7 + -36.
-35
What is the value of -24 + -32 - -10 - (-3 + 11)?
-54
10 - (-31 + (47 + -46 - -41))
-1
-3 + (4 - (-2 - -3 - -17 - -9))
-26
Calculate 247 + (66 - 131 - 77).
105
What is the value of 13 + 30 + -47 - 7 - (-69 - 0)?
58
Calculate 18 + (-12 - 1) + -23 - 24.
-42
2 + -4 + -11 + 284 + -281
-10
25423 + -25532 + 39 + -1
-71
Calculate -7 - (-120 - 7) - 3 - (-59 - -71).
105
Calculate -15 - (-522 + 460 - (-22 - 0)).
25
Calculate (-20 - (-9 + 115 + -123 + 5 + -1)) + -71.
-78
Calculate (7 + -10 + 17 - 33) + 38 + -83.
-64
What is the value of -14 + (-89 + 124 - -33)?
54
Evaluate 295 + -309 - (21 + 7).
-42
-31 + 11 + 203 + -193
-10
What is the value of -64 - ((-74 - 49) + 56)?
3
Calculate -29 + -5 + (-79 - -79) + (1 - 1 - -8).
-26
Evaluate -181 + 172 - (1 + -2 - (-5 - -8 - 1)).
-6
What is -5 + 40 + -72 + 40?
3
Evaluate (48 + 1 - 4) + -52 + 104.
97
2 + 8 - (18 + -2 + -19 + -24 + 29)
8
What is the value of (-16 + 5 - -19) + 51 + 2 + -2 - 5?
54
What is the value of -1 + -40 - -32 - (6 - -1)?
-16
Calculate 6 + 30 - (574 + -500).
-38
Calculate (17 + 7 - 45) + 53 - 111.
-79
Calculate 48 + -72 + -8 - -38.
6
Evaluate -36 - (-7 + 46 + -12 - 27).
-36
Calculate 119 - (285 + -292 + 1 + 40).
85
-10 - -115 - (0 - ((0 - -4) + 2 + -6))
105
What is the value of 1 - ((-8 - (-12 - -11)) + 9) - 25?
-26
Calculate -3 - -3 - (-100 + 146 + -59).
13
Calculate 65 + -102 + (60 - -11) + -7 + (-2 - -1).
26
Calculate 1 - (14 - (-30 + 24 + (16 - -1))).
-2
What is the value of -1 - -6 - 9 - 49 - (2 - 10)?
-45
What is the value of (-25 - 0) + (-136 - -305 - 127)?
17
What is the value of 8 + (-7 + -85 - -7) + (-3 - 29 - -44)?
-65
Evaluate -38 + (-42 - -108) - 121.
-93
-46 + -50 + 77 + 17
-2
Calculate (-112 - -100) + 61 + (6 - -2) - -21.
78
Evaluate -58 + 117 + (-74 - -38).
23
What is (-51 - -56 - -17) + (-48 - -4)?
-22
Evaluate (18 - (53 - 26)) + 3.
-6
Calculate 23 - (-10 + -5) - 42 - (1 + (-1 - -93)).
-97
What is (267 - 236) + (-52 - 0) - 13?
-34
0 + (-23 - (3 - 0)) + 707 + -691
-10
110 + 2 + -46 + 378 + -363
81
Evaluate -264 - (4 - 106) - -22.
-140
What is the value of 0 - (9 + -37) - (-216 - -270)?
-26
What is the value of -80 - (-70 + 28) - (-9 + 1 + -3)?
-27
Evaluate 5 + -13 + (13 + -11 + -7 - -3).
-10
-176 + -3 - (-2263 - -2160)
-76
Evaluate 898 - 863 - (64 - 1).
-28
Evaluate 1 + -99 + -132 + (90 - -75).
-65
(-85 - -39) + 16 - (1 + -5 + 1 + 11)
-38
(-26 - (32 - 27) - -18) + 80
67
What is (-80 - 44 - 18) + (-4 - -2 - -23)?
-121
-5 + (-2 + -1 - (27 + 2 + -9 + 2))
-30
-43 + (-35 - (-131 - -40))
13
What is the value of (-43 - -47 - -15) + -40?
-21
What is the value of -58 + 153 + 26 + -77?
44
Evaluate 18 - 27 - (1 - -3 - -3 - 5 - -14).
-25
What is the value of (-26 - -9 - -3) + (7 - 12)?
-19
Calculate 45 + -55 + 22 + -67.
-55
(2 - 2) + -10 + (-58 - (-159 + 46))
45
(5 - -52) + -34 + -25
-2
Evaluate 53 + (21 - -3) + (-22 - -3).
58
What is 94 - ((-48 - -18) + 140)?
-16
Calculate 0 - -5 - (27 - -34 - 76).
20
-6 + (16 - 5) + (-23 - 1) + (22 - 13)
-10
Evaluate 79 + -79 - (6 - -2).
-8
Calculate (-5 - (62 - 47)) + (4 - -101).
85
What is the value of (-66 - (-43 - -31)) + 46?
-8
Calculate 26 + (0 - 6) + (13 - -2) + -11.
24
Calculate (3016 - 3011) + 0 + 41.
46
What is 82 + 6 + -84 + 85?
89
Calculate 189 + -308 + 17 + 195.
93
Evaluate -43 + 77 + -72 - -65.
27
What is the value of (1 - 6) + 20 + -34 + 9?
-10
9 + ((-2 - -5) + -12 + -43 - (-21 + 19))
-41
Calculate (-7